{"id":19,"date":"2024-01-12T10:49:44","date_gmt":"2024-01-12T10:49:44","guid":{"rendered":"https:\/\/hunderdorf-pfarrei.de\/?page_id=19"},"modified":"2026-03-20T10:51:11","modified_gmt":"2026-03-20T10:51:11","slug":"impressum","status":"publish","type":"page","link":"https:\/\/hunderdorf-pfarrei.de\/?page_id=19","title":{"rendered":"Impressum"},"content":{"rendered":"\n<h1 class=\"wp-block-heading has-text-align-right has-small-font-size\"><br><a href=\"https:\/\/hunderdorf-pfarrei.de\/?page_id=60\">zur\u00fcck<\/a><\/h1>\n\n\n\n<p>Angaben gem\u00e4\u00df \u00a7 5 TMG<br><br>Katholische Kirchenstiftung St. Nikolaus<br>Hauptstr. 19<br>94336 Hunderdorf<br><br>Die Kath. Kirchenstiftung Hunderdorf St. Nikolaus ist eine Stiftung des \u00f6ffentlichen Rechts und wird durch die Kirchenverwaltung und diese wiederum durch den Kirchenverwaltungsvorstand vertreten.<br> Kirchenverwaltungsvorstand: <br>Pater Antony, Dr. John d&#8216; Cruz<br><br>Kontakt<br>Telefon: +49 (0) 9422 2243<br>E-Mail: hunderdorf@bistum-regensburg.de<br><br>Umsatzsteuer-ID<br>Umsatzsteuer-Identifikationsnummer gem\u00e4\u00df \u00a7 27 a Umsatzsteuergesetz: <br><br>Inhaltlich verantwortlich f\u00fcr den Internetauftritt ist<br>Pater Antony, Dr. John d&#8216; Cruz<br>Hauptstr. 19<br>94336 Hunderdorf<br><br>Verbraucherstreitbeilegung\/Universalschlichtungsstelle<br>Wir sind nicht bereit oder verpflichtet, an Streitbeilegungsverfahren vor einer Verbraucherschlichtungsstelle teilzunehmen.<br><\/p>\n","protected":false},"excerpt":{"rendered":"<p>zur\u00fcck Angaben gem\u00e4\u00df \u00a7 5 TMG Katholische Kirchenstiftung St. NikolausHauptstr. 1994336 Hunderdorf Die Kath. Kirchenstiftung Hunderdorf St. Nikolaus ist eine Stiftung des \u00f6ffentlichen Rechts und wird durch die Kirchenverwaltung und diese wiederum durch den Kirchenverwaltungsvorstand vertreten. Kirchenverwaltungsvorstand: Pater Antony, Dr. John d&#8216; Cruz KontaktTelefon: +49 (0) 9422 2243E-Mail: hunderdorf@bistum-regensburg.de Umsatzsteuer-IDUmsatzsteuer-Identifikationsnummer gem\u00e4\u00df \u00a7 27 a Umsatzsteuergesetz: &hellip; <a href=\"https:\/\/hunderdorf-pfarrei.de\/?page_id=19\" class=\"more-link\"><span class=\"screen-reader-text\">Impressum<\/span> weiterlesen <span class=\"meta-nav\">&rarr;<\/span><\/a><\/p>\n","protected":false},"author":1,"featured_media":0,"parent":60,"menu_order":2,"comment_status":"closed","ping_status":"closed","template":"","meta":{"footnotes":""},"class_list":["post-19","page","type-page","status-publish","hentry"],"_links":{"self":[{"href":"https:\/\/hunderdorf-pfarrei.de\/index.php?rest_route=\/wp\/v2\/pages\/19","targetHints":{"allow":["GET"]}}],"collection":[{"href":"https:\/\/hunderdorf-pfarrei.de\/index.php?rest_route=\/wp\/v2\/pages"}],"about":[{"href":"https:\/\/hunderdorf-pfarrei.de\/index.php?rest_route=\/wp\/v2\/types\/page"}],"author":[{"embeddable":true,"href":"https:\/\/hunderdorf-pfarrei.de\/index.php?rest_route=\/wp\/v2\/users\/1"}],"replies":[{"embeddable":true,"href":"https:\/\/hunderdorf-pfarrei.de\/index.php?rest_route=%2Fwp%2Fv2%2Fcomments&post=19"}],"version-history":[{"count":4,"href":"https:\/\/hunderdorf-pfarrei.de\/index.php?rest_route=\/wp\/v2\/pages\/19\/revisions"}],"predecessor-version":[{"id":613,"href":"https:\/\/hunderdorf-pfarrei.de\/index.php?rest_route=\/wp\/v2\/pages\/19\/revisions\/613"}],"up":[{"embeddable":true,"href":"https:\/\/hunderdorf-pfarrei.de\/index.php?rest_route=\/wp\/v2\/pages\/60"}],"wp:attachment":[{"href":"https:\/\/hunderdorf-pfarrei.de\/index.php?rest_route=%2Fwp%2Fv2%2Fmedia&parent=19"}],"curies":[{"name":"wp","href":"https:\/\/api.w.org\/{rel}","templated":true}]}}