{"id":462,"date":"2026-03-17T17:08:14","date_gmt":"2026-03-17T17:08:14","guid":{"rendered":"https:\/\/hunderdorf-pfarrei.de\/?page_id=462"},"modified":"2026-03-17T17:08:14","modified_gmt":"2026-03-17T17:08:14","slug":"firmung","status":"publish","type":"page","link":"https:\/\/hunderdorf-pfarrei.de\/?page_id=462","title":{"rendered":"Firmung"},"content":{"rendered":"\n<p class=\"has-text-color has-link-color wp-elements-58a0a9d88f44d34c2cdc846b2968fc8b\" style=\"color:#02915d\"><a href=\"https:\/\/hunderdorf-pfarrei.de\/?page_id=429\">zur\u00fcck<\/a><\/p>\n\n\n\n<p class=\"has-vivid-cyan-blue-color has-text-color has-link-color wp-elements-997088b9aa02bbab6018c684ead0aa00\" style=\"font-size:22px\">Alles Wichtige zur Firmung finden Sie <a href=\"https:\/\/bistum-regensburg.de\/glauben\/sakramente\/firmung\" target=\"_blank\" rel=\"noreferrer noopener\">hier.<\/a><\/p>\n\n\n\n<p>Der Firmtermin f\u00fcr unsere Pfarrei und die Pfarrei Windberg ist heuer der<br><strong>19. Juni 2026.<\/strong><\/p>\n\n\n\n<p><strong>Vorbereitung<\/strong><\/p>\n\n\n\n<p>29. M\u00e4rz 9.00 Uhr Mitfeier des Palmsonntags<\/p>\n\n\n\n<p><\/p>\n","protected":false},"excerpt":{"rendered":"<p>zur\u00fcck Alles Wichtige zur Firmung finden Sie hier. Der Firmtermin f\u00fcr unsere Pfarrei und die Pfarrei Windberg ist heuer der19. Juni 2026. Vorbereitung 29. M\u00e4rz 9.00 Uhr Mitfeier des Palmsonntags<\/p>\n","protected":false},"author":1,"featured_media":0,"parent":429,"menu_order":3,"comment_status":"closed","ping_status":"closed","template":"","meta":{"footnotes":""},"class_list":["post-462","page","type-page","status-publish","hentry"],"_links":{"self":[{"href":"https:\/\/hunderdorf-pfarrei.de\/index.php?rest_route=\/wp\/v2\/pages\/462","targetHints":{"allow":["GET"]}}],"collection":[{"href":"https:\/\/hunderdorf-pfarrei.de\/index.php?rest_route=\/wp\/v2\/pages"}],"about":[{"href":"https:\/\/hunderdorf-pfarrei.de\/index.php?rest_route=\/wp\/v2\/types\/page"}],"author":[{"embeddable":true,"href":"https:\/\/hunderdorf-pfarrei.de\/index.php?rest_route=\/wp\/v2\/users\/1"}],"replies":[{"embeddable":true,"href":"https:\/\/hunderdorf-pfarrei.de\/index.php?rest_route=%2Fwp%2Fv2%2Fcomments&post=462"}],"version-history":[{"count":2,"href":"https:\/\/hunderdorf-pfarrei.de\/index.php?rest_route=\/wp\/v2\/pages\/462\/revisions"}],"predecessor-version":[{"id":504,"href":"https:\/\/hunderdorf-pfarrei.de\/index.php?rest_route=\/wp\/v2\/pages\/462\/revisions\/504"}],"up":[{"embeddable":true,"href":"https:\/\/hunderdorf-pfarrei.de\/index.php?rest_route=\/wp\/v2\/pages\/429"}],"wp:attachment":[{"href":"https:\/\/hunderdorf-pfarrei.de\/index.php?rest_route=%2Fwp%2Fv2%2Fmedia&parent=462"}],"curies":[{"name":"wp","href":"https:\/\/api.w.org\/{rel}","templated":true}]}}